 factors of b(1).
17
Suppose 252 + 330 = 6*l. What are the prime factors of l?
97
Let q(g) = -g**3 + 1. Let c be q(-1). Suppose -13 = c*t - 29. List the prime factors of t.
2
Suppose 3*v = -4*z + 144, -z + 30 = -3*v - 21. What are the prime factors of z?
3, 13
Let i = 7 - 4. Suppose -14 - 1 = -3*v. Let c = i + v. List the prime factors of c.
2
Let m(y) be the second derivative of y**4/6 - y**3 - 2*y. List the prime factors of m(5).
2, 5
Let v = -172 + 387. List the prime factors of v.
5, 43
Let v(a) be the third derivative of a**6/120 + a**5/10 + a**4/4 + 7*a**3/6 - 2*a**2. What are the prime factors of v(-5)?
2
Suppose 3*t = -3*m, m - 4 = -3*t - 0. List the prime factors of m/(1 + (-9)/6).
2
Let z(y) = y + 9. Let b be z(0). Suppose -2*s - b = -5*u - s, u = -3*s + 5. Suppose 0 = -f + 2 + u. List the prime factors of f.
2
Let y be (-348)/(-90) + 4/30. Suppose -53 = -y*l + 23. What are the prime factors of l?
19
Let o be ((-6)/(-9))/((-4)/18). Let x = o + 6. Suppose 0 = -2*a - 4*s - 4 + 24, -x = -s. What are the prime factors of a?
2
Let m(k) = -16*k + 10. What are the prime factors of m(-3)?
2, 29
Let k(a) = a + 4. Let y be k(-4). Suppose 2*p - 4 = -y*p. Let m = 0 + p. What are the prime factors of m?
2
Let v(o) = 2*o**3 - 2*o**2 - 3*o - 3. Let x be v(3). Let n = x - 14. List the prime factors of n.
2, 5
Let a(u) = u**2 + 1. Let z = 7 + -6. Let b be a(z). Suppose -4*j + 15 = 3*r, -r + 3 = -0*r + b*j. List the prime factors of r.
3
Let k = 32 + 0. List the prime factors of k.
2
List the prime factors of ((-4)/6)/(5/(-420)).
2, 7
Suppose 2*y = 12 - 16. List the prime factors of ((-12)/18)/(y/168).
2, 7
Let s(q) = 29*q**2 + 1. What are the prime factors of s(-1)?
2, 3, 5
Let d be (-4)/10 + (-297)/(-55). Suppose 0 = -4*x - d*z + 100, -5*x + 125 = -2*z - z. What are the prime factors of x?
5
Let i be (-123)/12 - (-1)/4. List the prime factors of (-206)/i - (-4)/10.
3, 7
What are the prime factors of 9096/60 - 2*(-1)/5?
2, 19
Let z(o) = 3*o**2. Let b be 1/(-1 - (-3 - -1)). Let i be z(b). Suppose 3*v = 0, i*x + 4*v = 43 - 1. List the prime factors of x.
2, 7
Let f be 3/(-2) - (-310)/4. Let l = 111 - f. Suppose 0*b = 2*b - 5*y + 2, -3*b + l = 2*y. List the prime factors of b.
3
Let i(u) = 2*u + 1. Let r be i(8). Suppose d = 2*g - r, 3*d - 4*d = 3. What are the prime factors of g?
7
Let r(d) = 6*d + 1. Let o = 0 + 2. Let s be 1/(-1) + o/1. List the prime factors of r(s).
7
Suppose -5*f - 102 = -347. What are the prime factors of f?
7
Let y be 4*((-10)/4 + 3). What are the prime factors of -2 + 28/y*2?
2, 13
Let i = 1 + 0. Let w be i/(2/(-4)) - -40. Let t = -27 + w. List the prime factors of t.
11
Let y = -3 + 7. Suppose -44 = -y*m - 4. What are the prime factors of m/8 - 6/(-8)?
2
Let u = 182 - 119. What are the prime factors of u?
3, 7
Let m be ((-6)/7)/1*-7. Suppose 4*c + 2*k = 30, m = -2*k - 0. List the prime factors of c.
3
Suppose -4*z + 606 = -2*s, -4*z + 2*s - 6*s + 636 = 0. What are the prime factors of z?
2, 7, 11
Let c(m) = m**3 + 8*m**2 + 8. Let f be (2 - -2)/(1 + 1). Suppose -5*h - 34 = -f*v, -6*h - v - 35 = -2*h. What are the prime factors of c(h)?
2
Let j = -11 - -15. Let s(t) = -2*t**3 - 3 + 4*t**2 - 2*t**3 + 3*t**3 + 2*t. What are the prime factors of s(j)?
5
Suppose -3*s + 12 = -3. Suppose 0 = -s*f, -9 = -z - 3*f - f. List the prime factors of z.
3
Let k be (-2 - -28)/((-4)/(-2)). Suppose k = -0*r + r. List the prime factors of r.
13
Let k = 7 + -3. Let u(d) = d. Let j(g) = 10*g - 1. Let m(b) = k*j(b) - 44*u(b). List the prime factors of m(-3).
2
Let a be (-6)/(-4)*60/18. Suppose 3*g = 4*v - 1, 3*v + g - 22 = -a. Suppose -v*c = -0*c - 44. What are the prime factors of c?
11
Let q(m) = -m**3 + 12*m**2 - 11*m + 3. Let l(c) = -3*c**3 + 35*c**2 - 33*c + 9. Let j(p) = -3*l(p) + 8*q(p). List the prime factors of j(8).
3, 7
Suppose 0 = -2*u - 19 + 91. Let w = 61 - u. What are the prime factors of w?
5
Let k be (2/4)/((-2)/(-60)). Let t(m) = m + 8. Let u be t(-13). Let y = k + u. List the prime factors of y.
2, 5
Let l(u) = -20*u**2 - 3*u. Let n(p) = -20*p**2 - 2*p. Let a(m) = 3*l(m) - 4*n(m). What are the prime factors of a(1)?
19
Let n(y) = -y + 6. Let p be n(3). Suppose p*b = 2*b + 33. What are the prime factors of b?
3, 11
Suppose 3*h + 11 - 31 = -2*t, -3*t + 2*h + 17 = 0. Suppose -3*n + 8 = -t. What are the prime factors of n?
5
Let u(l) = 4*l + 1. Let o be u(-1). What are the prime factors of 7 + (0/(-3))/o?
7
Suppose 4*m = 3*v - 4*v - 12, 9 = -3*m + 2*v. Let r = m + 3. Suppose r = z - b - b - 23, -4*z + 4*b + 72 = 0. List the prime factors of z.
13
Suppose 0*m + 2*m - 62 = 0. What are the prime factors of m?
31
Let s(k) be the third derivative of 1/60*k**5 + 2*k**2 + 0*k + 1/3*k**3 + 1/120*k**6 + 0 - 1/12*k**4. List the prime factors of s(2).
2, 5
Suppose 9 = -2*i + 109. Suppose p + i = -p. Let d = -18 - p. List the prime factors of d.
7
List the prime factors of 4 - (-1700)/36 - 2/9.
3, 17
Suppose -3*f = f - 32. Let s = f - 4. What are the prime factors of s?
2
Let o(c) = c**2 + 3*c + 4. List the prime factors of o(3).
2, 11
Suppose -4*m = -5*h + 20, 4*m - 4*h = -9 - 7. Suppose -3 = -t - m. Suppose -27 + 3 = -t*z. List the prime factors of z.
2
Suppose -5*a - 95 = -2*c, 5*c + 5 = 3*a + 214. Suppose -29 = -2*y - 3*s + c, -2*s = -4*y + 130. List the prime factors of y.
3, 11
Suppose 7*w - 5*w = 8. Let y(a) be the second derivative of -a**4/12 + 5*a**3/6 - a**2 - a. What are the prime factors of y(w)?
2
Let t = -3 + -18. Let s be 0 - (t/3 + 2). Suppose 3*c - s*c - 4*h - 12 = 0, 5*h = -4*c - 9. List the prime factors of c.
2
What are the prime factors of 6*199/14 + 24/(-84)?
5, 17
Let f(v) = v**3 + 4*v**2 - 6*v - 3. Let k be f(-5). Suppose -4 = -4*p + k*p. List the prime factors of p.
2
Suppose 0 = -5*c + c - 3*w + 145, -5*c + w + 167 = 0. List the prime factors of c.
2, 17
Let x = -42 - -84. Let r = x - 21. List the prime factors of r.
3, 7
Suppose -5*u = 6 - 66. What are the prime factors of u?
2, 3
Let i(j) = j**3 + 4*j**2 - 8*j - 6. What are the prime factors of i(-5)?
3
Suppose -2*g + g + 3 = 0. Let v = g + 0. What are the prime factors of v?
3
Suppose 2*c - 8 = c + 3*p, 5*c - p - 12 = 0. Suppose 20 = -m + c*m. List the prime factors of (-2)/(-10) + 256/m.
13
Suppose 718 - 143 = 5*h. Suppose -5*a + h = -15. What are the prime factors of a?
2, 13
Let u(h) = 2*h + 3. List the prime factors of u(6).
3, 5
Suppose v = g - 3 - 4, 3*g + 3*v + 3 = 0. List the prime factors of g.
3
Suppose 5*c = c - v + 437, 3*c = -5*v + 349. List the prime factors of c.
2, 3
Let s be (-1 - -2)/(2/6). What are the prime factors of ((-6)/(-4))/(s/44)?
2, 11
Suppose -4*k + 3 = -2*s + 23, -k = 5*s - 17. Suppose -4*n - 2*z + 22 = -2, 5*n = s*z + 4. Let d(f) = -f**2 + 4*f + 2. List the prime factors of d(n).
2
Let o(t) = -t**3 + 5*t**2 - t + 7. Let c be o(5). Let m be 4*(70/25)/((-4)/(-5)). Suppose 5*l = -4*k + 48, -c*k = -5*l - m - 40. List the prime factors of k.
17
Suppose -3*s + 240 = s. What are the prime factors of s?
2, 3, 5
Suppose 2*a + 0 - 110 = 0. List the prime factors of a.
5, 11
Suppose 5*r = x - 5*x + 438, -5*x = r - 75. What are the prime factors of r?
2, 3, 5
Let l = -9 - -8. Let p be (12/9)/((-4)/18). Let v = l - p. List the prime factors of v.
5
Let r(l) = 4*l - 5*l + 1 + 5*l - 2*l. Let k be (-2)/1 + 1 - -6. What are the prime factors of r(k)?
11
Suppose 3*w = -2*i - 8, w = 6*w + i + 4. Suppose -o - o + 2 = w. Suppose -s - o = 4*a + 7, 5*s = -a + 36. List the prime factors of s.
2
Let y = 57 - -1. List the prime factors of y.
2, 29
List the prime factors of 48*(1/(-1) + 2).
2, 3
Let p be -6*(2 + -3)/1. Suppose -f - 10 = -5*a, -3 - 5 = -4*a. What are the prime factors of (f - p/(-9))*15?
2, 5
Let y(g) = -g**3 + 3*g**2 - 4*g**2 + 0*g + 4*g. Let t(u) = -u**2 - 11*u + 9. Let i be t(-12). List the prime factors of y(i).
2, 3
Suppose -8*s + 305 = -3*s. What are the prime factors of s?
61
Suppose -2*v + 3 = -v. Let b be 29 + -1 + (-3)/v. Suppose 0 = -3*y + b + 33. What are the prime factors of y?
2, 5
Let l(r) = -10*r - 2. Let g be l(-4). Let m = g - 14. List the prime factors of m.
2, 3
Let w(r) = -12*r - 10. List the prime factors of w(-4).
2, 19
Let x(h) be the third derivative of 1/60*h**5 + 0 + 3*h**2 - 2/3*h**3 - 1/24*h**4 + 0*h. List the prim